 1310 + -34?
1254
In base 14, what is 6 - 2?
4
In base 9, what is -3 + -426?
-430
In base 12, what is -a4 + -105?
-1a9
In base 16, what is -1 - 3?
-4
In base 12, what is -4 - 21?
-25
In base 9, what is 117 - 133?
-15
In base 9, what is -141 + 26?
-114
In base 16, what is 1d - 3?
1a
In base 7, what is 2 - 25?
-23
In base 4, what is -132 - 120?
-312
In base 13, what is -193 - 5?
-198
In base 2, what is -10 - 101101011101?
-101101011111
In base 12, what is -78 + -8?
-84
In base 6, what is 3 - 425?
-422
In base 6, what is 321 + 5?
330
In base 8, what is -3 - -105?
102
In base 7, what is 0 + 10440?
10440
In base 15, what is 1 + -19a?
-199
In base 3, what is -1101110 + 2?
-1101101
In base 7, what is -24 + -55?
-112
In base 11, what is 9 + -47?
-39
In base 16, what is 8b + 5?
90
In base 4, what is -3 + 1113022?
1113013
In base 2, what is 101110 - -110?
110100
In base 16, what is 5 - 25?
-20
In base 12, what is 4 - 97?
-93
In base 15, what is -e - -15?
6
In base 10, what is -6513 + 2?
-6511
In base 9, what is -152 - -5?
-146
In base 7, what is 14 - -3051?
3065
In base 11, what is 4 - 608?
-604
In base 14, what is 5 - -d40?
d45
In base 15, what is 12 - -37?
49
In base 8, what is -46 + -23?
-71
In base 16, what is -5 + 876?
871
In base 10, what is 90 - 3?
87
In base 6, what is 0 - -115?
115
In base 4, what is -3 - 11211?
-11220
In base 12, what is -1 - -10?
b
In base 14, what is 1 + -17a1?
-17a0
In base 7, what is -1341 + 5?
-1333
In base 4, what is -100 - -3?
-31
In base 10, what is -91 + 59?
-32
In base 6, what is -142 + 114?
-24
In base 12, what is 1 - -35?
36
In base 12, what is -160 - 2?
-162
In base 10, what is 24 - 0?
24
In base 16, what is -192 - -a?
-188
In base 7, what is -2 + -225?
-230
In base 11, what is -738 - 0?
-738
In base 12, what is -25a - 32?
-290
In base 15, what is 2 - -14?
16
In base 15, what is -5 - -17d?
178
In base 6, what is -5 - 2542?
-2551
In base 6, what is 11012 + 1?
11013
In base 5, what is 113221 + -2?
113214
In base 15, what is 13 + 1e?
32
In base 4, what is -10 + 11220?
11210
In base 2, what is 1111011 + -1001110?
101101
In base 7, what is 0 + -1255?
-1255
In base 5, what is -4 + -312?
-321
In base 12, what is 416 + -2?
414
In base 3, what is 2102122 - -2?
2102201
In base 10, what is 9 + 777?
786
In base 13, what is 21a + 6?
223
In base 10, what is 21 - -407?
428
In base 5, what is -41 - 314?
-410
In base 15, what is -2c2 + -12?
-2d4
In base 9, what is 1 - 0?
1
In base 2, what is 1000 + -10000000?
-1111000
In base 14, what is -1c8 - 31?
-219
In base 4, what is 1000 - -21?
1021
In base 2, what is 110011 - -1101?
1000000
In base 8, what is 15 + 25?
42
In base 5, what is 310 - -14?
324
In base 6, what is 200 + -11?
145
In base 9, what is 106 - 5?
101
In base 11, what is 38 - -7?
44
In base 5, what is 3 - 310?
-302
In base 3, what is -222112 + 2?
-222110
In base 15, what is 1 + -1a?
-19
In base 5, what is -103 + 10?
-43
In base 13, what is 174 + -3?
171
In base 16, what is -6a + 5?
-65
In base 14, what is 5 - 39a?
-395
In base 6, what is -100 + 5?
-51
In base 12, what is 1 - -17?
18
In base 9, what is 1064 - 2?
1062
In base 9, what is -115270 + 3?
-115266
In base 7, what is -12 - -65?
53
In base 13, what is -126 + -1?
-127
In base 11, what is -189 + -3?
-191
In base 9, what is 2 - 2633?
-2631
In base 9, what is -3 - 78?
-82
In base 9, what is -4 - 17?
-22
In base 15, what is 60 + -8?
57
In base 15, what is 8 + 16?
1e
In base 6, what is -5305 - -5?
-5300
In base 3, what is 10101012 + 0?
10101012
In base 14, what is 2 - 11c8?
-11c6
In base 16, what is d - 3e?
-31
In base 2, what is 1011 + 11101?
101000
In base 3, what is 121200 + 1011?
122211
In base 12, what is 0 + 278?
278
In base 6, what is -10533 + -10?
-10543
In base 4, what is -23 - 112031?
-112120
In base 13, what is -1 + -26?
-27
In base 3, what is -101 - 21?
-122
In base 13, what is -8ca1 - -5?
-8c99
In base 12, what is -1 - 33?
-34
In base 16, what is f + 5?
14
In base 9, what is -7 + -2107?
-2115
In base 10, what is -4 + 128?
124
In base 5, what is 4 - -1133?
1142
In base 11, what is -5 + 6313?
6309
In base 5, what is -11 - 304?
-320
In base 13, what is 2 - -1a?
1c
In base 6, what is 4 - -432?
440
In base 7, what is -405 - 2?
-410
In base 3, what is 112 - -12100?
12212
In base 6, what is 3410 + 4?
3414
In base 7, what is -6 + 1435?
1426
In base 3, what is 1220 - -100?
2020
In base 8, what is -1 + -112?
-113
In base 2, what is 1 + -100001?
-100000
In base 3, what is -10 - 12000?
-12010
In base 6, what is 102504 - -1?
102505
In base 5, what is 330 - -1?
331
In base 11, what is 2433 - 5?
2429
In base 12, what is 1 + -20a?
-209
In base 2, what is 1101 + 111011011?
111101000
In base 8, what is 152 - 4?
146
In base 6, what is -1014 + -53?
-1111
In base 15, what is 5 - -10?
15
In base 5, what is 10 + -201?
-141
In base 5, what is -12310 + -1?
-12311
In base 9, what is -1 - 34?
-35
In base 6, what is 4 + -51?
-43
In base 3, what is 2 + 20021?
20100
In base 8, what is 4 + 1707?
1713
In base 13, what is -2 + 28?
26
In base 2, what is -1010 - -101110?
100100
In base 9, what is 63 - -462?
535
In base 4, what is 2 - 2100?
-2032
In base 15, what is -1b7 - -3c?
-17a
In base 6, what is -52 - 2?
-54
In base 6, what is -10 - 44?
-54
In base 3, what is -10 + -122222?
-200002
In base 10, what is 5 - -80?
85
In base 16, what is 59 - 82?
-29
In base 4, what is 10 - -201?
211
In base 11, what is -78 + -89?
-156
In base 11, what is -14 + 8?
-7
In base 6, what is -1504 - -3?
-1501
In base 8, what is 1037 + 0?
1037
In base 6, what is -2 + -4343?
-4345
In base 8, what is 12 + 34?
46
In base 15, what is -9 - -5d?
54
In base 5, what is 22423 + -10?
22413
In base 4, what is 0 + 13013?
13013
In base 2, what is -1101 + -111?
-10100
In base 6, what is 14552 - 4?
14544
In base 5, what is -1 + 132?
131
In base 3, what is -2 - -201211?
201202
In base 3, what is 201 + -102?
22
In base 15, what is -91 - -9?
-87
In base 2, what is -10101001000101 - 11?
-10101001001000
In base 2, what is -100 + -1000111101?
-1001000001
In base 3, what is 10 + 2002?
2012
In base 8, what is 2 + -15?
-13
In base 14, what is -3 - -5b7?
5b4
In base 2, what is 101 + 1001111?
1010100
In base 10, what is -5 + -759?
-764
In base 10, what is -63 + 9?
-54
In base 3, what is -10010 + -21?
-10101
In base 16, what is b48 - 5?
b43
In base 16, what is b7 + -3?
b4
In base 6, what is 35 - 2?
33
In base 11, what is -74 + 1?
-73
In base 12, what is 5 - 3a2?
-399
In base 2, what is -111010 - 11?
-111101
In base 8, what is 2 - -5?
7
In base 6, what is -110 - 534?
-1044
In base 3, what is -110212 - 0?
-110212
In base 14, what is -27a - -7?
-273
In base 16, what is b + 1bf?
1ca
In base 14, what is -2 - -1a?
18
In base 16, what is 86 + -7?
7f
In base 14, what is -24 + 2?
-22
In base 14, what is 2 - a8?
-a6
In base 14, what is 4 - -a?
10
In base 8, what is 1707 + 1?
1710
In base 2, what is 1 - -1100001?
1100010
In base 3, what is -122 + -110?
-1002
In base 12, what is -4 + -194?
-198
In base 2, what is -110000 + 1?
-101111
In base 2, what is -1011 - 11?
-1110
In base 4, what is 1 - -23310?
23311
In base 5, what is -400 + -10?
-410
In base 11, what is -11 + 451?
440
In base 9, what is -771 - 33?
-814
In base 2, what is -100 - 10010?
-10110
In base 10, what is 1 + -1046?
-1045
In base 9, what is -26 - 1?
-27
In base 14, what is d4 - 13?
c1
In base 9, what is 77 + -183?
-105
In base 16, what is -2 - 5f?
-61
In base 13, what is 2cc + -1?
2cb
In base 13, what is 22 - -13?
35
In base 7, what is -15 - -36?
21
In base 12, what is -2788 + 1?
-2787
In base 6, what is 1 + -13153?
-13152
In base 6, what is -22334 + 2?
-22332
In base 16, what is 40a + 1?
40b
In base 13, what is -456 + 3?
-453
In base 13, what is 21 + 8?
29
In base 13, what is 610 - -10?
620
In base 10, what is 1787 - -5?
1792
In base 11, what is 2 + -775?
-773
In base 12, what is 2 - 502?
-500
In base 12, what is 0 - 34?
-34
In base 4, what is 103 - -2123?
2232
In base 13, what is -11 - -17?
6
In base 15, what is 48 - 11?
37
In base 10, what is 4 - -246?
250
In base 5, what is 13332 - 4?
13323
In base 8, what is -5 - 15331?
-15336
In base 9, what is -5 - 5258?
-5264
In base 3, what is -10122112 - 21?
-10122210
In base 8, what is -1 + 77?
76
In base 14, what is -56 - -2?
-54
In base 12, 